{"id":44,"date":"2015-09-13T13:06:03","date_gmt":"2015-09-13T13:06:03","guid":{"rendered":"http:\/\/www.journalismus.li\/?page_id=44"},"modified":"2022-05-31T06:06:08","modified_gmt":"2022-05-31T06:06:08","slug":"schulung-2","status":"publish","type":"page","link":"https:\/\/www.journalismus.li\/?page_id=44","title":{"rendered":"Schulung"},"content":{"rendered":"\n<p><strong>weitere Themen<\/strong><\/p>\n\n\n\n<p>Recherchen: Gegenseite immer befragen<\/p>\n\n\n\n<p>Interview vorbereiten<\/p>\n\n\n\n<p>Texte entgiften<\/p>\n\n\n\n<p>Texten Konkret bleiben<\/p>\n\n\n\n<p>Die h\u00e4ufigsten Fehler beim Texten<\/p>\n\n\n\n<p>Der doppelte Diskurs bei Medien-Konflikten<\/p>\n\n\n\n<p>Ausfl\u00fcchte der Interview-PartnerInnen und wie Sie damit umgehen k\u00f6nnen<\/p>\n\n\n\n<p>Das pers\u00f6nliches Stress-Management<\/p>\n\n\n\n<p>Kontaktpflege<\/p>\n\n\n\n<p>Radio-Moderation<\/p>\n\n\n\n<p>Radio-Bericht und Radio-Feature \/ Podcast<\/p>\n\n\n\n<p>Fernseh-Moderation<\/p>\n\n\n\n<p>Fernsehbericht, Dokumentarfilm<\/p>\n\n\n\n<p>Video-Journalist\/ Multitasking mit Kamera und Redaktion in einer Person<\/p>\n\n\n\n<p>Fernseh-News-Berichte<\/p>\n\n\n\n<p>Storytelling<\/p>\n\n\n\n<p>Agentur-Journalismus ist eine andere Medienarbeit<\/p>\n","protected":false},"excerpt":{"rendered":"<p>weitere Themen Recherchen: Gegenseite immer befragen Interview vorbereiten Texte entgiften Texten Konkret bleiben Die h\u00e4ufigsten Fehler beim Texten Der doppelte Diskurs bei Medien-Konflikten Ausfl\u00fcchte der Interview-PartnerInnen und wie Sie damit umgehen k\u00f6nnen Das pers\u00f6nliches Stress-Management Kontaktpflege Radio-Moderation Radio-Bericht und Radio-Feature \/ Podcast Fernseh-Moderation Fernsehbericht, Dokumentarfilm Video-Journalist\/ Multitasking mit Kamera und Redaktion in einer Person Fernseh-News-Berichte &hellip; <a href=\"https:\/\/www.journalismus.li\/?page_id=44\" class=\"more-link\"><span class=\"screen-reader-text\">Schulung<\/span> weiterlesen <span class=\"meta-nav\">&rarr;<\/span><\/a><\/p>\n","protected":false},"author":1,"featured_media":0,"parent":0,"menu_order":0,"comment_status":"closed","ping_status":"closed","template":"","meta":[],"yoast_head":"<!-- This site is optimized with the Yoast SEO plugin v19.0 - https:\/\/yoast.com\/wordpress\/plugins\/seo\/ -->\n<title>Schulung - Journalismus<\/title>\n<meta name=\"robots\" content=\"noindex, follow, max-snippet:-1, max-image-preview:large, max-video-preview:-1\" \/>\n<meta property=\"og:locale\" content=\"de_DE\" \/>\n<meta property=\"og:type\" content=\"article\" \/>\n<meta property=\"og:title\" content=\"Schulung - Journalismus\" \/>\n<meta property=\"og:description\" content=\"weitere Themen Recherchen: Gegenseite immer befragen Interview vorbereiten Texte entgiften Texten Konkret bleiben Die h\u00e4ufigsten Fehler beim Texten Der doppelte Diskurs bei Medien-Konflikten Ausfl\u00fcchte der Interview-PartnerInnen und wie Sie damit umgehen k\u00f6nnen Das pers\u00f6nliches Stress-Management Kontaktpflege Radio-Moderation Radio-Bericht und Radio-Feature \/ Podcast Fernseh-Moderation Fernsehbericht, Dokumentarfilm Video-Journalist\/ Multitasking mit Kamera und Redaktion in einer Person Fernseh-News-Berichte &hellip; Schulung weiterlesen &rarr;\" \/>\n<meta property=\"og:url\" content=\"https:\/\/www.journalismus.li\/?page_id=44\" \/>\n<meta property=\"og:site_name\" content=\"Journalismus\" \/>\n<meta property=\"article:modified_time\" content=\"2022-05-31T06:06:08+00:00\" \/>\n<meta name=\"twitter:card\" content=\"summary_large_image\" \/>\n<meta name=\"twitter:label1\" content=\"Gesch\u00e4tzte Lesezeit\" \/>\n\t<meta name=\"twitter:data1\" content=\"1 Minute\" \/>\n<script type=\"application\/ld+json\" class=\"yoast-schema-graph\">{\"@context\":\"https:\/\/schema.org\",\"@graph\":[{\"@type\":[\"Person\",\"Organization\"],\"@id\":\"https:\/\/www.journalismus.li\/#\/schema\/person\/bda89d0280313c06f86513a565c044d8\",\"name\":\"admin\",\"image\":{\"@type\":\"ImageObject\",\"inLanguage\":\"de-DE\",\"@id\":\"https:\/\/www.journalismus.li\/#\/schema\/person\/image\/\",\"url\":\"https:\/\/www.journalismus.li\/wp-content\/uploads\/2022\/05\/P1000806-scaled.jpg\",\"contentUrl\":\"https:\/\/www.journalismus.li\/wp-content\/uploads\/2022\/05\/P1000806-scaled.jpg\",\"width\":2560,\"height\":1705,\"caption\":\"admin\"},\"logo\":{\"@id\":\"https:\/\/www.journalismus.li\/#\/schema\/person\/image\/\"}},{\"@type\":\"WebSite\",\"@id\":\"https:\/\/www.journalismus.li\/#website\",\"url\":\"https:\/\/www.journalismus.li\/\",\"name\":\"Regionaljournalismus\",\"description\":\"Tipps f&uuml;r RegionaljournalistInnen\",\"publisher\":{\"@id\":\"https:\/\/www.journalismus.li\/#\/schema\/person\/bda89d0280313c06f86513a565c044d8\"},\"potentialAction\":[{\"@type\":\"SearchAction\",\"target\":{\"@type\":\"EntryPoint\",\"urlTemplate\":\"https:\/\/www.journalismus.li\/?s={search_term_string}\"},\"query-input\":\"required name=search_term_string\"}],\"inLanguage\":\"de-DE\"},{\"@type\":\"WebPage\",\"@id\":\"https:\/\/www.journalismus.li\/?page_id=44#webpage\",\"url\":\"https:\/\/www.journalismus.li\/?page_id=44\",\"name\":\"Schulung - Journalismus\",\"isPartOf\":{\"@id\":\"https:\/\/www.journalismus.li\/#website\"},\"datePublished\":\"2015-09-13T13:06:03+00:00\",\"dateModified\":\"2022-05-31T06:06:08+00:00\",\"breadcrumb\":{\"@id\":\"https:\/\/www.journalismus.li\/?page_id=44#breadcrumb\"},\"inLanguage\":\"de-DE\",\"potentialAction\":[{\"@type\":\"ReadAction\",\"target\":[\"https:\/\/www.journalismus.li\/?page_id=44\"]}]},{\"@type\":\"BreadcrumbList\",\"@id\":\"https:\/\/www.journalismus.li\/?page_id=44#breadcrumb\",\"itemListElement\":[{\"@type\":\"ListItem\",\"position\":1,\"name\":\"Startseite\",\"item\":\"https:\/\/www.journalismus.li\/\"},{\"@type\":\"ListItem\",\"position\":2,\"name\":\"Schulung\"}]}]}<\/script>\n<!-- \/ Yoast SEO plugin. -->","yoast_head_json":{"title":"Schulung - Journalismus","robots":{"index":"noindex","follow":"follow","max-snippet":"max-snippet:-1","max-image-preview":"max-image-preview:large","max-video-preview":"max-video-preview:-1"},"og_locale":"de_DE","og_type":"article","og_title":"Schulung - Journalismus","og_description":"weitere Themen Recherchen: Gegenseite immer befragen Interview vorbereiten Texte entgiften Texten Konkret bleiben Die h\u00e4ufigsten Fehler beim Texten Der doppelte Diskurs bei Medien-Konflikten Ausfl\u00fcchte der Interview-PartnerInnen und wie Sie damit umgehen k\u00f6nnen Das pers\u00f6nliches Stress-Management Kontaktpflege Radio-Moderation Radio-Bericht und Radio-Feature \/ Podcast Fernseh-Moderation Fernsehbericht, Dokumentarfilm Video-Journalist\/ Multitasking mit Kamera und Redaktion in einer Person Fernseh-News-Berichte &hellip; Schulung weiterlesen &rarr;","og_url":"https:\/\/www.journalismus.li\/?page_id=44","og_site_name":"Journalismus","article_modified_time":"2022-05-31T06:06:08+00:00","twitter_card":"summary_large_image","twitter_misc":{"Gesch\u00e4tzte Lesezeit":"1 Minute"},"schema":{"@context":"https:\/\/schema.org","@graph":[{"@type":["Person","Organization"],"@id":"https:\/\/www.journalismus.li\/#\/schema\/person\/bda89d0280313c06f86513a565c044d8","name":"admin","image":{"@type":"ImageObject","inLanguage":"de-DE","@id":"https:\/\/www.journalismus.li\/#\/schema\/person\/image\/","url":"https:\/\/www.journalismus.li\/wp-content\/uploads\/2022\/05\/P1000806-scaled.jpg","contentUrl":"https:\/\/www.journalismus.li\/wp-content\/uploads\/2022\/05\/P1000806-scaled.jpg","width":2560,"height":1705,"caption":"admin"},"logo":{"@id":"https:\/\/www.journalismus.li\/#\/schema\/person\/image\/"}},{"@type":"WebSite","@id":"https:\/\/www.journalismus.li\/#website","url":"https:\/\/www.journalismus.li\/","name":"Regionaljournalismus","description":"Tipps f&uuml;r RegionaljournalistInnen","publisher":{"@id":"https:\/\/www.journalismus.li\/#\/schema\/person\/bda89d0280313c06f86513a565c044d8"},"potentialAction":[{"@type":"SearchAction","target":{"@type":"EntryPoint","urlTemplate":"https:\/\/www.journalismus.li\/?s={search_term_string}"},"query-input":"required name=search_term_string"}],"inLanguage":"de-DE"},{"@type":"WebPage","@id":"https:\/\/www.journalismus.li\/?page_id=44#webpage","url":"https:\/\/www.journalismus.li\/?page_id=44","name":"Schulung - Journalismus","isPartOf":{"@id":"https:\/\/www.journalismus.li\/#website"},"datePublished":"2015-09-13T13:06:03+00:00","dateModified":"2022-05-31T06:06:08+00:00","breadcrumb":{"@id":"https:\/\/www.journalismus.li\/?page_id=44#breadcrumb"},"inLanguage":"de-DE","potentialAction":[{"@type":"ReadAction","target":["https:\/\/www.journalismus.li\/?page_id=44"]}]},{"@type":"BreadcrumbList","@id":"https:\/\/www.journalismus.li\/?page_id=44#breadcrumb","itemListElement":[{"@type":"ListItem","position":1,"name":"Startseite","item":"https:\/\/www.journalismus.li\/"},{"@type":"ListItem","position":2,"name":"Schulung"}]}]}},"_links":{"self":[{"href":"https:\/\/www.journalismus.li\/index.php?rest_route=\/wp\/v2\/pages\/44"}],"collection":[{"href":"https:\/\/www.journalismus.li\/index.php?rest_route=\/wp\/v2\/pages"}],"about":[{"href":"https:\/\/www.journalismus.li\/index.php?rest_route=\/wp\/v2\/types\/page"}],"author":[{"embeddable":true,"href":"https:\/\/www.journalismus.li\/index.php?rest_route=\/wp\/v2\/users\/1"}],"replies":[{"embeddable":true,"href":"https:\/\/www.journalismus.li\/index.php?rest_route=%2Fwp%2Fv2%2Fcomments&post=44"}],"version-history":[{"count":7,"href":"https:\/\/www.journalismus.li\/index.php?rest_route=\/wp\/v2\/pages\/44\/revisions"}],"predecessor-version":[{"id":121,"href":"https:\/\/www.journalismus.li\/index.php?rest_route=\/wp\/v2\/pages\/44\/revisions\/121"}],"wp:attachment":[{"href":"https:\/\/www.journalismus.li\/index.php?rest_route=%2Fwp%2Fv2%2Fmedia&parent=44"}],"curies":[{"name":"wp","href":"https:\/\/api.w.org\/{rel}","templated":true}]}}